{"id":255,"date":"2022-05-04T14:24:53","date_gmt":"2022-05-04T14:24:53","guid":{"rendered":"https:\/\/demo.creativethemes.com\/blocksy\/gadgets\/?post_type=product&#038;p=255"},"modified":"2023-04-13T19:17:54","modified_gmt":"2023-04-13T19:17:54","slug":"whaly-400","status":"publish","type":"product","link":"http:\/\/www.dev.whaly-boats.si\/index.php\/izdelek\/whaly-400\/","title":{"rendered":"Whaly 400"},"content":{"rendered":"<p id=\"tw-target-text\" class=\"tw-data-text tw-text-large tw-ta\" dir=\"ltr\" data-placeholder=\"Translation\"><span class=\"Y2IQFc\" lang=\"sl\">Whaly 400 je neverjetno robusten \u010doln z dvojno steno, izdelan iz visokokakovostne plastike (polietilen) \u2013 je skoraj nepotopljiv in neuni\u010dljiv. Ta \u010doln ne zahteva vzdr\u017eevanja in je izdelan iz 100 % barvno obstojne plastike. Te specifikacije vas bodo zagotovo prepri\u010dale o njegovi kakovosti. <strong>Voda iz \u010dolna samodejno odte\u010de \u010dez zadnjo dvojno steno brez potrebe po \u010drpalki.<\/strong><\/span><\/p>\n<p><iframe loading=\"lazy\" title=\"[\ud704\ub9ac\ubcf4\ud2b8 \ud0dc\uc591\ub9c8\ub9b0]\uc815\ubc15\uc2dc \ud3ed\uc6b0\uc5d0\ub3c4 \uc790\uc5f0\ubc30\uc218\ub418\ub294 \uace0\ud488\uaca9 PE\ubcf4\ud2b8 Whaly 400 Fuctionable Natural Drain.#whalyboats,#\ud704\ub9ac\ubcf4\ud2b8,#\ud0dc\uc591\ub9c8\ub9b0\" width=\"1290\" height=\"726\" src=\"https:\/\/www.youtube.com\/embed\/1fALXdg5Bmg?feature=oembed\" frameborder=\"0\" allow=\"accelerometer; autoplay; clipboard-write; encrypted-media; gyroscope; picture-in-picture; web-share\" allowfullscreen><\/iframe><\/p>\n","protected":false},"excerpt":{"rendered":"<p id=\"tw-target-text\" class=\"tw-data-text tw-text-large tw-ta\" dir=\"ltr\" data-placeholder=\"Translation\"><span class=\"Y2IQFc\" lang=\"sl\">Whaly 400 je neverjetno robusten \u010doln z dvojno steno, izdelan iz visokokakovostne plastike (polietilen) \u2013 je skoraj nepotopljiv in neuni\u010dljiv. Ta \u010doln ne zahteva vzdr\u017eevanja in je izdelan iz 100 % barvno obstojne plastike. Te specifikacije vas bodo zagotovo prepri\u010dale o njegovi kakovosti.<\/span><\/p>\n<p dir=\"ltr\" data-placeholder=\"Translation\"><span class=\"Y2IQFc\" lang=\"sl\"><strong>Voda iz \u010dolna samodejno odte\u010de \u010dez zadnjo dvojno steno brez potrebe po kalu\u017eni \u010drpalki.<\/strong><\/span><\/p>\n<p><b><strong>MATERIJAL<\/strong><\/b>\u00a0\u00a0Rotacijsko liti politeliten (100% razgradljiv) odporen na UV \u017earke, dvojno dno, izdelan v eno kosu.<\/p>\n<p><b><strong>DOL\u017dINA<\/strong><\/b>\u00a0 3,95 m<\/p>\n<p><b><strong>\u0160IRINA<\/strong><\/b> \u00a0 1,75 m<\/p>\n<p><b><strong>O\u0160 MOTORJA<\/strong><\/b>\u00a0\u00a0Dolga<\/p>\n<p><b><strong>VGREZ<\/strong><\/b>\u00a0\u00a0 0,52 m<\/p>\n<p><b><strong>TE\u017dA<\/strong><\/b>\u00a0 \u00a0210 kg<\/p>\n<p><b><strong>maks.\u00a0\u0160T.\u00a0OSEB<\/strong><\/b>\u00a0\u00a0 6\/8 (notranje vode)<\/p>\n<p><b><strong>maks.\u00a0NOSILNOST<\/strong><\/b>\u00a0 600 kg\/700 kg (notranje vode)<\/p>\n<p><b><strong>maks.\u00a0MO\u010c MOTORJA<\/strong><\/b>\u00a0 29,50 kW \/ 40 KM<\/p>\n<p>&nbsp;<\/p>\n<p>* KONZOLA VOLAN 300\u20ac<\/p>\n<p>* KONZOLA KLOP Z PREDALOM ZADAJ 200\u20ac<\/p>\n<p>* KONZOLA KLOP Z PREDALOM STRANSKA 200\u20ac<\/p>\n<p><a href=\"http:\/\/www.dev.whaly-boats.si\/wp-content\/uploads\/2022\/05\/leaflet_whaly400_eng_2021_mail.pdf\">LETAK PDF WHALY 400<\/a><\/p>\n<p>&nbsp;<\/p>\n","protected":false},"featured_media":1589,"comment_status":"open","ping_status":"closed","template":"","meta":[],"product_cat":[82,71],"product_tag":[],"_links":{"self":[{"href":"http:\/\/www.dev.whaly-boats.si\/index.php\/wp-json\/wp\/v3\/product\/255"}],"collection":[{"href":"http:\/\/www.dev.whaly-boats.si\/index.php\/wp-json\/wp\/v3\/product"}],"about":[{"href":"http:\/\/www.dev.whaly-boats.si\/index.php\/wp-json\/wp\/v2\/types\/product"}],"replies":[{"embeddable":true,"href":"http:\/\/www.dev.whaly-boats.si\/index.php\/wp-json\/wp\/v2\/comments?post=255"}],"version-history":[{"count":6,"href":"http:\/\/www.dev.whaly-boats.si\/index.php\/wp-json\/wp\/v3\/product\/255\/revisions"}],"predecessor-version":[{"id":1590,"href":"http:\/\/www.dev.whaly-boats.si\/index.php\/wp-json\/wp\/v3\/product\/255\/revisions\/1590"}],"wp:featuredmedia":[{"embeddable":true,"href":"http:\/\/www.dev.whaly-boats.si\/index.php\/wp-json\/wp\/v2\/media\/1589"}],"wp:attachment":[{"href":"http:\/\/www.dev.whaly-boats.si\/index.php\/wp-json\/wp\/v2\/media?parent=255"}],"wp:term":[{"taxonomy":"product_cat","embeddable":true,"href":"http:\/\/www.dev.whaly-boats.si\/index.php\/wp-json\/wp\/v2\/product_cat?post=255"},{"taxonomy":"product_tag","embeddable":true,"href":"http:\/\/www.dev.whaly-boats.si\/index.php\/wp-json\/wp\/v2\/product_tag?post=255"}],"curies":[{"name":"wp","href":"https:\/\/api.w.org\/{rel}","templated":true}]}}