{"id":257,"date":"2022-05-04T14:26:24","date_gmt":"2022-05-04T14:26:24","guid":{"rendered":"https:\/\/demo.creativethemes.com\/blocksy\/gadgets\/?post_type=product&#038;p=257"},"modified":"2023-04-13T20:04:54","modified_gmt":"2023-04-13T20:04:54","slug":"whaly-455","status":"publish","type":"product","link":"http:\/\/www.dev.whaly-boats.si\/index.php\/izdelek\/whaly-455\/","title":{"rendered":"Whaly 455 \/ 455PRO"},"content":{"rendered":"<p>Whaly 455 je neverjetno robusten \u010doln z dvojno steno, izdelan iz visokokakovostne plastike (polietilen) \u2013 je skoraj nepotopljiv in neuni\u010dljiv. Ta \u010doln ne zahteva vzdr\u017eevanja in je izdelan iz 100 % barvno obstojne plastike. Te specifikacije vas bodo zagotovo prepri\u010dale o njegovi kakovosti.<\/p>\n<p><iframe loading=\"lazy\" title=\"Whaly New England - Nantucket 2020\" width=\"1290\" height=\"726\" src=\"https:\/\/www.youtube.com\/embed\/8oBOnkQId9E?feature=oembed\" frameborder=\"0\" allow=\"accelerometer; autoplay; clipboard-write; encrypted-media; gyroscope; picture-in-picture; web-share\" allowfullscreen><\/iframe><\/p>\n<p>&nbsp;<\/p>\n<p><iframe loading=\"lazy\" title=\"Our New Whaly Boat! Maiden Voyage in Rough Seas\" width=\"1290\" height=\"726\" src=\"https:\/\/www.youtube.com\/embed\/gqKBQUODWYk?feature=oembed\" frameborder=\"0\" allow=\"accelerometer; autoplay; clipboard-write; encrypted-media; gyroscope; picture-in-picture; web-share\" allowfullscreen><\/iframe><\/p>\n","protected":false},"excerpt":{"rendered":"<p style=\"font-weight: 400;\"><b><strong>Whaly 455 je neverjetno robusten \u010doln z dvojno steno, izdelan iz visokokakovostne plastike (polietilen) \u2013 je skoraj nepotopljiv in neuni\u010dljiv. Ta \u010doln ne zahteva vzdr\u017eevanja in je izdelan iz 100 % barvno obstojne plastike. Te specifikacije vas bodo zagotovo prepri\u010dale o njegovi kakovosti.<\/strong><\/b><\/p>\n<p style=\"font-weight: 400;\"><b><strong>MATERIJAL<\/strong><\/b>\u00a0Rotacijsko liti politeliten (100% razgradljiv) odporen na UV \u017earke, dvojno dno, izdelan v enem kosu.<\/p>\n<p style=\"font-weight: 400;\"><b><strong>DOL\u017dINA<\/strong><\/b>\u00a04,50 m<\/p>\n<p style=\"font-weight: 400;\"><b><strong>\u0160IRINA<\/strong><\/b>\u00a0 1,75 m<\/p>\n<p style=\"font-weight: 400;\"><b><strong>OS MOTORJA<\/strong><\/b>\u00a0Dolga<\/p>\n<p style=\"font-weight: 400;\"><b><strong>VGREZ<\/strong><\/b>\u00a0 0,52 m<\/p>\n<p style=\"font-weight: 400;\"><b><strong>TE\u017dA<\/strong><\/b>\u00a0 250 kg \/ 270 kg PROFESIONAL<\/p>\n<p style=\"font-weight: 400;\"><b><strong>Max. \u0160T. OSEB<\/strong><\/b>\u00a0 8<\/p>\n<p style=\"font-weight: 400;\"><b><strong>Max. NOSILNOST<\/strong><\/b>\u00a0900 kg \/1000kg (notranje vode)<\/p>\n<p style=\"font-weight: 400;\"><b><strong>Max. MO\u010c MOTORJA<\/strong><\/b>\u00a029,4 kW \/ 40 HP oz 50 HP PROFESIONAL MODEL<\/p>\n<p style=\"font-weight: 400;\">* IZVEDBA PROFESIONAL DNO \u010cOLNA POLNJENO S POSEBNO PENO (NEPOTOPLJIV)\u00a0<b>CENA 6.300\u20ac z DDV,<\/b><\/p>\n<p style=\"font-weight: 400;\">* KONZOLA VOLAN 300\u20ac<\/p>\n<p style=\"font-weight: 400;\">* KONZOLA KLOP Z PREDALOM ZADAJ 200\u20ac<\/p>\n<p style=\"font-weight: 400;\">* KONZOLA KLOP Z PREDALOM STRANSKA 200\u20ac<\/p>\n<p style=\"font-weight: 400;\">* BARVE OSNOVNE: RDE\u010cA, RUMENA, TEMNO SIVA<\/p>\n<p><a href=\"http:\/\/www.dev.whaly-boats.si\/wp-content\/uploads\/2022\/05\/leaflet_whaly455_eng_2021-1.pdf\">LETAK WHALY 455<\/a><\/p>\n<p><a href=\"http:\/\/www.dev.whaly-boats.si\/wp-content\/uploads\/2022\/05\/leaflet_whaly455r_eng_2021.pdf\">LETAK WHALY 455PRO<\/a><\/p>\n","protected":false},"featured_media":1249,"comment_status":"open","ping_status":"closed","template":"","meta":[],"product_cat":[82,71],"product_tag":[],"_links":{"self":[{"href":"http:\/\/www.dev.whaly-boats.si\/index.php\/wp-json\/wp\/v3\/product\/257"}],"collection":[{"href":"http:\/\/www.dev.whaly-boats.si\/index.php\/wp-json\/wp\/v3\/product"}],"about":[{"href":"http:\/\/www.dev.whaly-boats.si\/index.php\/wp-json\/wp\/v2\/types\/product"}],"replies":[{"embeddable":true,"href":"http:\/\/www.dev.whaly-boats.si\/index.php\/wp-json\/wp\/v2\/comments?post=257"}],"version-history":[{"count":6,"href":"http:\/\/www.dev.whaly-boats.si\/index.php\/wp-json\/wp\/v3\/product\/257\/revisions"}],"predecessor-version":[{"id":1762,"href":"http:\/\/www.dev.whaly-boats.si\/index.php\/wp-json\/wp\/v3\/product\/257\/revisions\/1762"}],"wp:featuredmedia":[{"embeddable":true,"href":"http:\/\/www.dev.whaly-boats.si\/index.php\/wp-json\/wp\/v2\/media\/1249"}],"wp:attachment":[{"href":"http:\/\/www.dev.whaly-boats.si\/index.php\/wp-json\/wp\/v2\/media?parent=257"}],"wp:term":[{"taxonomy":"product_cat","embeddable":true,"href":"http:\/\/www.dev.whaly-boats.si\/index.php\/wp-json\/wp\/v2\/product_cat?post=257"},{"taxonomy":"product_tag","embeddable":true,"href":"http:\/\/www.dev.whaly-boats.si\/index.php\/wp-json\/wp\/v2\/product_tag?post=257"}],"curies":[{"name":"wp","href":"https:\/\/api.w.org\/{rel}","templated":true}]}}