{"id":671,"date":"2022-05-06T17:40:33","date_gmt":"2022-05-06T17:40:33","guid":{"rendered":"https:\/\/demo.creativethemes.com\/blocksy\/gadgets\/?post_type=product&#038;p=671"},"modified":"2023-04-13T20:04:20","modified_gmt":"2023-04-13T20:04:20","slug":"whaly-310","status":"publish","type":"product","link":"http:\/\/www.dev.whaly-boats.si\/index.php\/izdelek\/whaly-310\/","title":{"rendered":"Whaly 310"},"content":{"rendered":"<p id=\"tw-target-text\" class=\"tw-data-text tw-text-large tw-ta\" dir=\"ltr\" data-placeholder=\"Translation\"><span class=\"Y2IQFc\" lang=\"sl\">Whaly 310 je neverjetno robusten \u010doln z dvojno steno, izdelan iz visokokakovostne plastike (polietilen) \u2013 je skoraj nepotopljiv in neuni\u010dljiv. Ta \u010doln ne zahteva vzdr\u017eevanja in je izdelan iz 100 % barvno obstojne plastike. Te specifikacije vas bodo zagotovo prepri\u010dale o njegovi kakovosti.<\/span><\/p>\n<p><iframe loading=\"lazy\" title=\"Whaly 310 in New Zealand\" width=\"1290\" height=\"726\" src=\"https:\/\/www.youtube.com\/embed\/FjoYToqYo9w?feature=oembed\" frameborder=\"0\" allow=\"accelerometer; autoplay; clipboard-write; encrypted-media; gyroscope; picture-in-picture; web-share\" allowfullscreen><\/iframe><\/p>\n","protected":false},"excerpt":{"rendered":"<p id=\"tw-target-text\" class=\"tw-data-text tw-text-large tw-ta\" dir=\"ltr\" data-placeholder=\"Translation\"><span class=\"Y2IQFc\" lang=\"sl\">Whaly 310 je neverjetno robusten \u010doln z dvojno steno, izdelan iz visokokakovostne plastike (polietilen) \u2013 je skoraj nepotopljiv in neuni\u010dljiv. Ta \u010doln ne zahteva vzdr\u017eevanja in je izdelan iz 100 % barvno obstojne plastike. Te specifikacije vas bodo zagotovo prepri\u010dale o njegovi kakovosti.<\/span><\/p>\n<p style=\"font-weight: 400;\"><b><strong>MATERIJAL<\/strong><\/b>\u00a0Rotacijsko liti politeliten (100% razgradljiv) odporen na UV \u017earke, dvojno dno, izdelan v enem kosu.<\/p>\n<p style=\"font-weight: 400;\"><b><strong>DOL\u017dINA<\/strong><\/b>\u00a03,10 m<\/p>\n<p style=\"font-weight: 400;\"><b><strong>\u0160IRINA<\/strong><\/b>\u00a0 1,73 m<\/p>\n<p style=\"font-weight: 400;\"><b><strong>OS MOTORJA<\/strong><\/b>\u00a0Kratka<\/p>\n<p style=\"font-weight: 400;\"><b><strong>VGREZ<\/strong><\/b>\u00a0 0,42 m<\/p>\n<p style=\"font-weight: 400;\"><b><strong>TE\u017dA<\/strong><\/b>\u00a0 105 kg<\/p>\n<p style=\"font-weight: 400;\"><b><strong>Max. \u0160T. OSEB<\/strong><\/b>\u00a0 4\/6 (notranje vode)<\/p>\n<p style=\"font-weight: 400;\"><b><strong>Max. NOSILNOST<\/strong><\/b>\u00a0390 kg\/390kg (notranje vode)<\/p>\n<p style=\"font-weight: 400;\"><b><strong>Max. MO\u010c MOTORJA<\/strong><\/b>\u00a07,4 kW \/ 10 HP<\/p>\n<p style=\"font-weight: 400;\">* KONZOLA VOLAN 200\u20ac<\/p>\n<p style=\"font-weight: 400;\">* KONZOLA KLOP Z PREDALOM 200\u20ac<\/p>\n<p style=\"font-weight: 400;\">* BARVE OSNOVNE: RDE\u010cA, SIVA, MODRA, TEMNO SIVA, CAPPUCCINO<\/p>\n<p style=\"font-weight: 400;\">* BARVE ZA DOPLA\u010cILO: ORAN\u017dNA, RUMENA, \u010cRNA, TEMNO ZELENA<\/p>\n<p><a href=\"http:\/\/www.dev.whaly-boats.si\/wp-content\/uploads\/2022\/05\/leaflet_whaly310_eng_2018.pdf\">LETAK PDF WHALY 310<\/a><\/p>\n","protected":false},"featured_media":1270,"comment_status":"open","ping_status":"closed","template":"","meta":[],"product_cat":[84,71],"product_tag":[],"_links":{"self":[{"href":"http:\/\/www.dev.whaly-boats.si\/index.php\/wp-json\/wp\/v3\/product\/671"}],"collection":[{"href":"http:\/\/www.dev.whaly-boats.si\/index.php\/wp-json\/wp\/v3\/product"}],"about":[{"href":"http:\/\/www.dev.whaly-boats.si\/index.php\/wp-json\/wp\/v2\/types\/product"}],"replies":[{"embeddable":true,"href":"http:\/\/www.dev.whaly-boats.si\/index.php\/wp-json\/wp\/v2\/comments?post=671"}],"version-history":[{"count":3,"href":"http:\/\/www.dev.whaly-boats.si\/index.php\/wp-json\/wp\/v3\/product\/671\/revisions"}],"predecessor-version":[{"id":1543,"href":"http:\/\/www.dev.whaly-boats.si\/index.php\/wp-json\/wp\/v3\/product\/671\/revisions\/1543"}],"wp:featuredmedia":[{"embeddable":true,"href":"http:\/\/www.dev.whaly-boats.si\/index.php\/wp-json\/wp\/v2\/media\/1270"}],"wp:attachment":[{"href":"http:\/\/www.dev.whaly-boats.si\/index.php\/wp-json\/wp\/v2\/media?parent=671"}],"wp:term":[{"taxonomy":"product_cat","embeddable":true,"href":"http:\/\/www.dev.whaly-boats.si\/index.php\/wp-json\/wp\/v2\/product_cat?post=671"},{"taxonomy":"product_tag","embeddable":true,"href":"http:\/\/www.dev.whaly-boats.si\/index.php\/wp-json\/wp\/v2\/product_tag?post=671"}],"curies":[{"name":"wp","href":"https:\/\/api.w.org\/{rel}","templated":true}]}}